+ m = -6. What are the prime factors of a?
2
Suppose 0 = -7*r + 555 - 107. What are the prime factors of r?
2
Let b(d) = d**2 + 2*d + 3. Let p be b(3). Let x be ((-8)/(-3))/((-4)/p). Let o = x + 23. What are the prime factors of o?
11
Suppose -5*m - v + 529 = 0, 3*m - 4*v - 299 = -0*v. List the prime factors of m.
3, 5, 7
Let i(p) be the second derivative of -p**5/20 + 11*p**4/12 - 3*p**3/2 + 11*p**2/2 + 2*p. List the prime factors of i(10).
3, 7
Let b(j) = 10*j**2 + 5*j - 18. List the prime factors of b(5).
257
Suppose 4*z - 2*a + 0*a - 118 = 0, 2*a = -z + 17. What are the prime factors of z?
3
What are the prime factors of (-21)/(-7) - (-2)/1?
5
Suppose -2*q + 229 = q - 4*n, n = 5*q - 376. List the prime factors of q.
3, 5
Let y(x) = -x**3 - 12*x**2 - 14*x + 6. What are the prime factors of y(-11)?
3, 13
Let a(p) = 6*p - 16. Let i be a(-5). Let l = 26 - 58. Let z = l - i. List the prime factors of z.
2, 7
Let x be 42 + 4 + (-1 - 1). Suppose x = 8*f - 6*f. List the prime factors of f.
2, 11
Let b(h) be the third derivative of h**6/120 + h**5/10 + h**4/6 + 7*h**3/6 - 3*h**2. What are the prime factors of b(-5)?
2, 3
Let g be 10/(-1 - 3/(-2)). Suppose -13*q = -11*q - 544. What are the prime factors of (-4)/(-10) + q/g?
2, 7
Suppose 2*w - 7*w = 25. Suppose 2*z = 6*z - 48. Let j = w + z. What are the prime factors of j?
7
Let r(c) = 7*c**2 - 2*c - 6. Let x(p) = -13*p**2 + 4*p + 11. Let d(f) = 11*r(f) + 6*x(f). Let i be d(4). Let l = i - -16. What are the prime factors of l?
2
Let v = -40 - -67. What are the prime factors of v?
3
Let l(q) be the second derivative of 2*q**4/3 + q**3/6 - 2*q. Let u be l(1). Suppose 5*j - u = 26. What are the prime factors of j?
7
Let o = -54 + 76. What are the prime factors of o?
2, 11
Let g = 48 - 29. List the prime factors of g.
19
Let x = 4 - 0. Suppose 5*n + 0*w - x*w = 67, -n + 5*w + 26 = 0. Suppose -2*g + g + n = 0. What are the prime factors of g?
11
Suppose 5*x - 2*t - 231 = t, -99 = -2*x - t. What are the prime factors of x?
2, 3
Let j(a) = -3*a - 3. Let m be j(-2). Suppose -29 = -m*x - 2. Let p(k) = -k**2 + 9*k + 7. List the prime factors of p(x).
7
Let h be 1/(-3) + (-1)/(-3). Let n(l) = l**3 + l**2 + 2. Let m be n(0). Suppose h*a + a = -3*c + 26, -m*a + 2 = -4*c. What are the prime factors of a?
11
Let w = 73 - 17. What are the prime factors of w?
2, 7
Let t = -14 - -35. Let v = t + -13. Suppose -v = -2*i - w + 1, -3*i + w = -26. What are the prime factors of i?
7
Let w = 1 + 9. Let x = w - 6. List the prime factors of x.
2
Let s be 4/4 - (-1 - -2). Suppose -3*d + 4 + 14 = s. List the prime factors of d.
2, 3
Let x(b) = 7*b**2 - b + 16. List the prime factors of x(6).
2, 131
Suppose -14 = -0*a - 2*a. Let r = 12 - a. Suppose -4*j + r = -3. What are the prime factors of j?
2
Suppose 6*d = -2*c + 2*d - 54, -4*c - 69 = -5*d. Let x = 66 + c. What are the prime factors of x?
3, 5
Suppose -h - 3*h + 4 = 0. Let n(d) = 4*d**3 + d**2 - 2*d + 1. List the prime factors of n(h).
2
Let i = 129 - 2. What are the prime factors of i?
127
Let k be ((1 - 1) + 1)*1. Let n = k + 26. What are the prime factors of n?
3
Let h(j) = 2*j**2 - 7*j + 3. List the prime factors of h(4).
7
Suppose 2*l - 112 = -32. What are the prime factors of l?
2, 5
List the prime factors of 5 - 2 - (-16 - -11).
2
Let s(a) = -2*a**3 + 15*a**2 + 11*a + 10. Let l(v) = 3*v**3 - 30*v**2 - 23*v - 19. Let g(b) = -3*l(b) - 5*s(b). What are the prime factors of g(-14)?
7
Let p be (-2)/6 + 10/3. Suppose p*d = 7*d - 12. What are the prime factors of d?
3
Let v(u) = 4*u - 27. Let a(o) = 2*o - 13. Let n(c) = 5*a(c) - 2*v(c). What are the prime factors of n(8)?
5
Suppose -v + 5*z - 24 = -2*v, -2*v - 4*z = -48. Suppose -2*u + v = u. List the prime factors of u.
2
Let p = 5 + -5. Suppose -2*l + 2 - 6 = p. List the prime factors of l*(-3)/2*5.
3, 5
Let l = -328 - -574. What are the prime factors of l?
2, 3, 41
Let n(a) = -2*a**3 - a**2 - 7*a - 1. Let y(l) = 3*l**3 + 7*l + 2. Let q(m) = -4*n(m) - 3*y(m). Let u be q(5). Suppose -d = d - u. List the prime factors of d.
2
Suppose -4*s + 0*s = -12. Suppose i = 4*c - 11, 5*i - s = 2*c + 14. List the prime factors of c.
2
Let i be -1 - (-5*1 - -2). Suppose -i*q = 2*q. Suppose q = 3*r - r - 12. List the prime factors of r.
2, 3
Let m be 2/(-5) + 42/5. Suppose 6*v + 6 = -18. Let g = m + v. What are the prime factors of g?
2
Suppose 0 = 4*v - 0*v - 28. What are the prime factors of v?
7
Let t = 15 - 13. List the prime factors of (0 + t)/((-3)/(-15)).
2, 5
Let s(f) = 15*f + 1. Let c(i) = -15*i - 1. Let p(g) = 4*c(g) + 5*s(g). What are the prime factors of p(1)?
2
Suppose 28 = 4*p - 5*y, 0 = p - 0*y - 2*y - 7. Suppose -v + 14 = -p. List the prime factors of v.
3, 7
Let u = -214 - -318. List the prime factors of 4/(-26) - (-5424)/u.
2, 13
Let n(d) = -3*d - 1. Let j be n(-1). List the prime factors of 1/j + 13/2.
7
Let z = -1 - -7. Let b = z - 1. List the prime factors of b.
5
What are the prime factors of 63 + 16/(-4) + 1?
2, 3, 5
Suppose 3*b + 9 = 0, 3*y = 4*y + 2*b + 4. Suppose -4*t = 4*c - 84, 3*c = 4*t - y*c - 93. List the prime factors of t.
2, 11
Let z be 3 - (3 - 53 - 3). Suppose -x = -5*x + z. List the prime factors of (-1)/(-2) + 49/x.
2
What are the prime factors of (-4)/6 + (-2840)/(-30)?
2, 47
Suppose 0 = 4*u - 24 - 104. What are the prime factors of u?
2
Let n(l) = -l**2 - 17*l - 7. What are the prime factors of n(-8)?
5, 13
Let n(s) = -3 - 4 - 14*s - 7 + 10. What are the prime factors of n(-2)?
2, 3
Let v = -4 + 6. Suppose -2*b + 6 + 20 = -v*o, b - 11 = 3*o. List the prime factors of b.
2, 7
Let m be 42 - (-1 - (-16)/4). Let h = 91 - m. What are the prime factors of h?
2, 13
Let k(v) = v**2 - v - 2. Let y be k(2). Suppose 4*s + 5*c + 9 = 0, y = -s - 0*s - 4*c - 5. Let q = s + 6. What are the prime factors of q?
5
Suppose 130 = -2*w + 7*w. What are the prime factors of w?
2, 13
List the prime factors of (5/(-10) - 2)*(-372)/10.
3, 31
Let l = 268 + -120. List the prime factors of l.
2, 37
Let r(q) = q**3 + 9*q**2 + 4*q + 9. Let n be r(-7). Suppose 3*p - 16 = -y + 10, -5*y = -2*p - n. List the prime factors of y.
17
Suppose 2*v + 5*m - 416 = 0, 0 = v + m + 17 - 228. What are the prime factors of v?
3, 71
Suppose 3*n + 8 = 5*n. Suppose -n*o + 39 = -1. List the prime factors of o.
2, 5
Let v be 0/(-4 - 10/(-2)). Suppose 5*s - 8*s + 165 = v. List the prime factors of s.
5, 11
Let m be -2*(-2)/4 - -1. What are the prime factors of 34/4 - m/(-4)?
3
Suppose 4*o + o - 109 = -4*d, -d + 1 = 0. Let u be (o/(-14))/((-3)/34). Let x = u + 0. What are the prime factors of x?
17
Suppose -a + 0*d - 5*d = -113, 4*d + 131 = a. List the prime factors of a.
3, 41
What are the prime factors of 1 + 1 + -2 + 19?
19
Let i be ((-1)/(-3))/(2/18). Suppose 2*a - x + 52 = 5*a, 42 = 3*a + i*x. List the prime factors of a.
19
Let f be (-76)/6 - 2/6. Let m = f + 40. What are the prime factors of (m/1)/3 + -2?
7
Suppose -5*f + 470 = 55. What are the prime factors of f?
83
Let j(i) = -i**3 + 2*i**2 - 2*i - 5. What are the prime factors of j(-4)?
3, 11
Let f = 44 - 31. List the prime factors of f.
13
Let m(l) = -5*l**2. Let t be m(2). What are the prime factors of (1/2)/((-1)/t)?
2, 5
Suppose -51 = -g + 13. What are the prime factors of g?
2
Suppose 3*y = -2*y + 140. Let q = -6 + y. What are the prime factors of q?
2, 11
Suppose -4*n - m - 96 = 0, 5*m - 3*m = -4*n - 96. Let v be 36 - 3/(6/3 - 3). Let k = v + n. List the prime factors of k.
3, 5
Suppose 25 = 5*g + q, -g - 4*q = -2*g + 5. Suppose -g*y = -2*y + 15. List the prime factors of (-70)/y + 3/1.
17
Suppose -3*g + 20 = -5*g. Let c be 834/15 + (-4)/g. Suppose 4*s - c = -0*s. List the prime factors of s.
2, 7
Suppose 0 = 4*q - 5*q - 5*g - 12, 0 = 2*q - 2*g - 24. List the prime factors of q.
2
List the prime factors of ((-13)/(-39))/(-2 + (-439)/(-219)).
73
Let o(v) = 4*v**3 + 2*v - 1. Let j be o(1). Suppose 0*w - 4*w = g + 13, j*g = -2*w + 25. List the prime factors of g.
7
Suppose -20*l + 15*l + 935 = 0. What are the prime factors of l?
11, 17
Let c(y) = 6*y**2 - y - 2. Let k be -1 + (-1 - -2) + 2. List the prime factors of c(k).
2, 5
What are the prime factors of 12/(-2)*(-9)/27?
2
Suppose -5*f = -5 - 20. Suppose -3*j - 1 = -13. Suppose 2 = j*d - 4*k - 10, -3*k = 4*d - f. List the prime fact